[INFO] cloning repository https://github.com/OpenHID/simon-says-touchpad
[INFO] running `Command { std: "git" "-c" "credential.helper=" "-c" "credential.helper=/workspace/cargo-home/bin/git-credential-null" "clone" "--bare" "https://github.com/OpenHID/simon-says-touchpad" "/workspace/cache/git-repos/https%3A%2F%2Fgithub.com%2FOpenHID%2Fsimon-says-touchpad", kill_on_drop: false }`
[INFO] [stderr] Cloning into bare repository '/workspace/cache/git-repos/https%3A%2F%2Fgithub.com%2FOpenHID%2Fsimon-says-touchpad'...
[INFO] running `Command { std: "git" "rev-parse" "HEAD", kill_on_drop: false }`
[INFO] [stdout] 30a0d846209af5aa2db3f00c1f85c29fa504c446
[INFO] checking OpenHID/simon-says-touchpad against master#af3c6e733a40e671550e0f0f5aeecaa13772ba56 for pr-74989
[INFO] running `Command { std: "git" "clone" "/workspace/cache/git-repos/https%3A%2F%2Fgithub.com%2FOpenHID%2Fsimon-says-touchpad" "/workspace/builds/worker-9/source", kill_on_drop: false }`
[INFO] [stderr] Cloning into '/workspace/builds/worker-9/source'...
[INFO] [stderr] done.
[INFO] validating manifest of git repo https://github.com/OpenHID/simon-says-touchpad on toolchain af3c6e733a40e671550e0f0f5aeecaa13772ba56
[INFO] running `Command { std: "/workspace/cargo-home/bin/cargo" "+af3c6e733a40e671550e0f0f5aeecaa13772ba56" "read-manifest" "--manifest-path" "Cargo.toml", kill_on_drop: false }`
[INFO] started tweaking git repo https://github.com/OpenHID/simon-says-touchpad
[INFO] finished tweaking git repo https://github.com/OpenHID/simon-says-touchpad
[INFO] tweaked toml for git repo https://github.com/OpenHID/simon-says-touchpad written to /workspace/builds/worker-9/source/Cargo.toml
[INFO] crate git repo https://github.com/OpenHID/simon-says-touchpad already has a lockfile, it will not be regenerated
[INFO] running `Command { std: "/workspace/cargo-home/bin/cargo" "+af3c6e733a40e671550e0f0f5aeecaa13772ba56" "fetch" "--locked" "--manifest-path" "Cargo.toml", kill_on_drop: false }`
[INFO] running `Command { std: "docker" "create" "-v" "/var/lib/crater-agent-workspace/builds/worker-9/target:/opt/rustwide/target:rw,Z" "-v" "/var/lib/crater-agent-workspace/builds/worker-9/source:/opt/rustwide/workdir:ro,Z" "-v" "/var/lib/crater-agent-workspace/cargo-home:/opt/rustwide/cargo-home:ro,Z" "-v" "/var/lib/crater-agent-workspace/rustup-home:/opt/rustwide/rustup-home:ro,Z" "-e" "SOURCE_DIR=/opt/rustwide/workdir" "-e" "CARGO_TARGET_DIR=/opt/rustwide/target" "-e" "CARGO_HOME=/opt/rustwide/cargo-home" "-e" "RUSTUP_HOME=/opt/rustwide/rustup-home" "-w" "/opt/rustwide/workdir" "-m" "1610612736" "--user" "0:0" "--network" "none" "rustops/crates-build-env@sha256:d92eaeed33fa75130ca1ee6c8a01d1ffb62bac859dfdfb3450e3e5d1c0146529" "/opt/rustwide/cargo-home/bin/cargo" "+af3c6e733a40e671550e0f0f5aeecaa13772ba56" "metadata" "--no-deps" "--format-version=1", kill_on_drop: false }`
[INFO] [stdout] 7aaf7ee4564a525eb4688985c0eaaf5216e276cea3ffabfef44a2ec332c0e3ec
[INFO] [stderr] WARNING: Your kernel does not support swap limit capabilities or the cgroup is not mounted. Memory limited without swap.
[INFO] running `Command { std: "docker" "start" "-a" "7aaf7ee4564a525eb4688985c0eaaf5216e276cea3ffabfef44a2ec332c0e3ec", kill_on_drop: false }`
[INFO] running `Command { std: "docker" "inspect" "7aaf7ee4564a525eb4688985c0eaaf5216e276cea3ffabfef44a2ec332c0e3ec", kill_on_drop: false }`
[INFO] running `Command { std: "docker" "rm" "-f" "7aaf7ee4564a525eb4688985c0eaaf5216e276cea3ffabfef44a2ec332c0e3ec", kill_on_drop: false }`
[INFO] [stdout] 7aaf7ee4564a525eb4688985c0eaaf5216e276cea3ffabfef44a2ec332c0e3ec
[INFO] running `Command { std: "docker" "create" "-v" "/var/lib/crater-agent-workspace/builds/worker-9/target:/opt/rustwide/target:rw,Z" "-v" "/var/lib/crater-agent-workspace/builds/worker-9/source:/opt/rustwide/workdir:ro,Z" "-v" "/var/lib/crater-agent-workspace/cargo-home:/opt/rustwide/cargo-home:ro,Z" "-v" "/var/lib/crater-agent-workspace/rustup-home:/opt/rustwide/rustup-home:ro,Z" "-e" "SOURCE_DIR=/opt/rustwide/workdir" "-e" "CARGO_TARGET_DIR=/opt/rustwide/target" "-e" "CARGO_INCREMENTAL=0" "-e" "RUST_BACKTRACE=full" "-e" "RUSTFLAGS=--cap-lints=forbid" "-e" "CARGO_HOME=/opt/rustwide/cargo-home" "-e" "RUSTUP_HOME=/opt/rustwide/rustup-home" "-w" "/opt/rustwide/workdir" "-m" "1610612736" "--user" "0:0" "--network" "none" "rustops/crates-build-env@sha256:d92eaeed33fa75130ca1ee6c8a01d1ffb62bac859dfdfb3450e3e5d1c0146529" "/opt/rustwide/cargo-home/bin/cargo" "+af3c6e733a40e671550e0f0f5aeecaa13772ba56" "check" "--frozen" "--all" "--all-targets" "--message-format=json", kill_on_drop: false }`
[INFO] [stdout] 7b74eb4dacf698cd867a9ee1894a743e44bb350795fe014d9eb543b723773b7c
[INFO] [stderr] WARNING: Your kernel does not support swap limit capabilities or the cgroup is not mounted. Memory limited without swap.
[INFO] running `Command { std: "docker" "start" "-a" "7b74eb4dacf698cd867a9ee1894a743e44bb350795fe014d9eb543b723773b7c", kill_on_drop: false }`
[INFO] [stderr]    Compiling libc v0.2.21
[INFO] [stderr]    Compiling bitflags v0.7.0
[INFO] [stderr]    Compiling num-traits v0.1.37
[INFO] [stderr]    Compiling dtoa v0.4.1
[INFO] [stderr]    Compiling itoa v0.3.1
[INFO] [stderr]    Compiling khronos_api v1.0.0
[INFO] [stderr]    Compiling log v0.3.7
[INFO] [stderr]    Compiling gcc v0.3.45
[INFO] [stderr]    Compiling backtrace v0.2.3
[INFO] [stderr]     Checking cfg-if v0.1.0
[INFO] [stderr]     Checking rustc-demangle v0.1.4
[INFO] [stderr]     Checking smallvec v0.1.8
[INFO] [stderr]     Checking fnv v1.0.5
[INFO] [stderr]     Checking json v0.11.6
[INFO] [stderr]     Checking rand v0.3.15
[INFO] [stderr]     Checking ioctl-rs v0.1.5
[INFO] [stderr]     Checking termios v0.2.2
[INFO] [stderr]    Compiling dbghelp-sys v0.2.0
[INFO] [stderr]     Checking shared_library v0.1.5
[INFO] [stderr]    Compiling x11-dl v2.13.0
[INFO] [stderr]    Compiling xml-rs v0.3.6
[INFO] [stderr]    Compiling kernel32-sys v0.2.2
[INFO] [stderr]    Compiling tempfile v2.1.5
[INFO] [stderr]     Checking osmesa-sys v0.1.2
[INFO] [stderr]     Checking fs2 v0.2.5
[INFO] [stderr]     Checking serial v0.3.4
[INFO] [stderr]     Checking memmap v0.4.0
[INFO] [stderr]    Compiling serde_json v0.9.10
[INFO] [stderr]    Compiling wayland-scanner v0.7.8
[INFO] [stderr]    Compiling gl_generator v0.5.2
[INFO] [stderr]    Compiling backtrace-sys v0.1.10
[INFO] [stderr]    Compiling phf_generator v0.7.21
[INFO] [stderr]    Compiling phf_codegen v0.7.21
[INFO] [stderr]    Compiling target_build_utils v0.3.0
[INFO] [stderr]    Compiling wayland-client v0.7.8
[INFO] [stderr]    Compiling glutin v0.7.4
[INFO] [stderr]    Compiling glium v0.16.0
[INFO] [stderr]    Compiling libloading v0.3.4
[INFO] [stderr]     Checking dlib v0.3.1
[INFO] [stderr]     Checking wayland-sys v0.7.8
[INFO] [stderr]     Checking wayland-window v0.4.4
[INFO] [stderr]     Checking wayland-kbd v0.6.3
[INFO] [stderr]     Checking winit v0.5.11
[INFO] [stderr]     Checking simon-says-touchpad v0.1.0 (/opt/rustwide/workdir)
[INFO] [stdout] error[E0433]: failed to resolve: could not find `windows` in `serial`
[INFO] [stdout]   --> src/afi.rs:23:26
[INFO] [stdout]    |
[INFO] [stdout] 23 |     port: Option<serial::windows::COMPort>,
[INFO] [stdout]    |                          ^^^^^^^ could not find `windows` in `serial`
[INFO] [stdout] 
[INFO] [stdout] 
[INFO] [stdout] error[E0433]: failed to resolve: could not find `windows` in `serial`
[INFO] [stdout]   --> src/afi.rs:90:36
[INFO] [stdout]    |
[INFO] [stdout] 90 | fn create_port() -> Option<serial::windows::COMPort> {
[INFO] [stdout]    |                                    ^^^^^^^ could not find `windows` in `serial`
[INFO] [stdout] 
[INFO] [stdout] 
[INFO] [stdout] error[E0433]: failed to resolve: could not find `windows` in `serial`
[INFO] [stdout]    --> src/afi.rs:140:42
[INFO] [stdout]     |
[INFO] [stdout] 140 |                 let port: Option<serial::windows::COMPort> =
[INFO] [stdout]     |                                          ^^^^^^^ could not find `windows` in `serial`
[INFO] [stdout] 
[INFO] [stdout] 
[INFO] [stdout] error[E0433]: failed to resolve: could not find `windows` in `serial`
[INFO] [stdout]    --> src/afi.rs:141:35
[INFO] [stdout]     |
[INFO] [stdout] 141 |                     match serial::windows::COMPort::open(port_name) {
[INFO] [stdout]     |                                   ^^^^^^^ could not find `windows` in `serial`
[INFO] [stdout] 
[INFO] [stdout] 
[INFO] [stdout] warning: the item `SETTINGS` is imported redundantly
[INFO] [stdout]   --> src/afi.rs:92:9
[INFO] [stdout]    |
[INFO] [stdout] 14 | / const SETTINGS: serial::PortSettings = serial::PortSettings {
[INFO] [stdout] 15 | |     baud_rate: serial::Baud9600,
[INFO] [stdout] 16 | |     char_size: serial::Bits8,
[INFO] [stdout] 17 | |     parity: serial::ParityNone,
[INFO] [stdout] 18 | |     stop_bits: serial::Stop1,
[INFO] [stdout] 19 | |     flow_control: serial::FlowNone,
[INFO] [stdout] 20 | | };
[INFO] [stdout]    | |__- the item `SETTINGS` is already defined here
[INFO] [stdout] ...
[INFO] [stdout] 92 |       use self::SETTINGS;
[INFO] [stdout]    |           ^^^^^^^^^^^^^^
[INFO] [stdout]    |
[INFO] [stdout]    = note: `#[warn(unused_imports)]` on by default
[INFO] [stdout] 
[INFO] [stdout] 
[INFO] [stdout] error[E0433]: failed to resolve: could not find `windows` in `serial`
[INFO] [stdout]   --> src/afi.rs:23:26
[INFO] [stdout]    |
[INFO] [stdout] 23 |     port: Option<serial::windows::COMPort>,
[INFO] [stdout]    |                          ^^^^^^^ could not find `windows` in `serial`
[INFO] [stdout] 
[INFO] [stdout] 
[INFO] [stdout] error[E0433]: failed to resolve: could not find `windows` in `serial`
[INFO] [stdout]   --> src/afi.rs:90:36
[INFO] [stdout]    |
[INFO] [stdout] 90 | fn create_port() -> Option<serial::windows::COMPort> {
[INFO] [stdout]    |                                    ^^^^^^^ could not find `windows` in `serial`
[INFO] [stdout] 
[INFO] [stdout] 
[INFO] [stdout] error[E0433]: failed to resolve: could not find `windows` in `serial`
[INFO] [stdout]    --> src/afi.rs:140:42
[INFO] [stdout]     |
[INFO] [stdout] 140 |                 let port: Option<serial::windows::COMPort> =
[INFO] [stdout]     |                                          ^^^^^^^ could not find `windows` in `serial`
[INFO] [stdout] 
[INFO] [stdout] 
[INFO] [stdout] error[E0433]: failed to resolve: could not find `windows` in `serial`
[INFO] [stdout]    --> src/afi.rs:141:35
[INFO] [stdout]     |
[INFO] [stdout] 141 |                     match serial::windows::COMPort::open(port_name) {
[INFO] [stdout]     |                                   ^^^^^^^ could not find `windows` in `serial`
[INFO] [stdout] 
[INFO] [stdout] 
[INFO] [stdout] warning: the item `SETTINGS` is imported redundantly
[INFO] [stdout]   --> src/afi.rs:92:9
[INFO] [stdout]    |
[INFO] [stdout] 14 | / const SETTINGS: serial::PortSettings = serial::PortSettings {
[INFO] [stdout] 15 | |     baud_rate: serial::Baud9600,
[INFO] [stdout] 16 | |     char_size: serial::Bits8,
[INFO] [stdout] 17 | |     parity: serial::ParityNone,
[INFO] [stdout] 18 | |     stop_bits: serial::Stop1,
[INFO] [stdout] 19 | |     flow_control: serial::FlowNone,
[INFO] [stdout] 20 | | };
[INFO] [stdout]    | |__- the item `SETTINGS` is already defined here
[INFO] [stdout] ...
[INFO] [stdout] 92 |       use self::SETTINGS;
[INFO] [stdout]    |           ^^^^^^^^^^^^^^
[INFO] [stdout]    |
[INFO] [stdout]    = note: `#[warn(unused_imports)]` on by default
[INFO] [stdout] 
[INFO] [stdout] 
[INFO] [stdout] warning: unused import: `self::serial::SerialPort`
[INFO] [stdout]  --> src/afi.rs:4:5
[INFO] [stdout]   |
[INFO] [stdout] 4 | use self::serial::SerialPort;
[INFO] [stdout]   |     ^^^^^^^^^^^^^^^^^^^^^^^^
[INFO] [stdout] 
[INFO] [stdout] 
[INFO] [stdout] error: aborting due to 4 previous errors; 2 warnings emitted
[INFO] [stdout] 
[INFO] [stdout] 
[INFO] [stdout] For more information about this error, try `rustc --explain E0433`.
[INFO] [stdout] 
[INFO] [stderr] error: could not compile `simon-says-touchpad`.
[INFO] [stderr] 
[INFO] [stderr] To learn more, run the command again with --verbose.
[INFO] [stderr] warning: build failed, waiting for other jobs to finish...
[INFO] [stdout] warning: unused import: `self::serial::SerialPort`
[INFO] [stdout]  --> src/afi.rs:4:5
[INFO] [stdout]   |
[INFO] [stdout] 4 | use self::serial::SerialPort;
[INFO] [stdout]   |     ^^^^^^^^^^^^^^^^^^^^^^^^
[INFO] [stdout] 
[INFO] [stdout] 
[INFO] [stdout] error: aborting due to 4 previous errors; 2 warnings emitted
[INFO] [stdout] 
[INFO] [stdout] 
[INFO] [stdout] For more information about this error, try `rustc --explain E0433`.
[INFO] [stdout] 
[INFO] [stderr] error: build failed
[INFO] running `Command { std: "docker" "inspect" "7b74eb4dacf698cd867a9ee1894a743e44bb350795fe014d9eb543b723773b7c", kill_on_drop: false }`
[INFO] running `Command { std: "docker" "rm" "-f" "7b74eb4dacf698cd867a9ee1894a743e44bb350795fe014d9eb543b723773b7c", kill_on_drop: false }`
[INFO] [stdout] 7b74eb4dacf698cd867a9ee1894a743e44bb350795fe014d9eb543b723773b7c
